r of k and 20.
4
Suppose x = -1 + 8. Suppose 6*y = 10 + 20. Suppose 0 = -y*n + 3*n - q + 4, n - 3 = -q. Calculate the greatest common factor of x and n.
1
Let l(r) = -2*r**3 - 68*r**2 - 75*r - 110. Let g be l(-33). Let p(q) = -19*q - 12. Let s be p(-6). Calculate the highest common factor of s and g.
17
Suppose 4*k - 6840 = -3*p, 227*k + 5*p - 6856 = 223*k. What is the greatest common factor of 4828 and k?
284
Let v be 6/(2/(8/6)). Suppose -2*s - 3*p - 99 = -3*s, -123 = -s - 5*p. Let i be -6*(-9)/(s/8). Calculate the greatest common divisor of i and v.
4
Suppose 2*q = 5*x - 219, -133 = -5*x - q + 65. What is the greatest common divisor of 32 and x?
1
Let j be 35*(26/10 + -1). Let z be (0 - (-14 + 32)) + 46. What is the greatest common factor of z and j?
28
Let a be (-513)/(-9) + (0 - -3). Suppose p = 4*m - 222 - 57, -213 = -3*m - 3*p. Suppose -t = 6*t - m. What is the greatest common factor of a and t?
10
Let l(n) = 658*n + 1503. Let k be l(-2). What is the greatest common divisor of k and 544?
17
Let r(b) = 3*b**3 - 9*b**2 + 70*b - 327. Let a be r(4). Suppose 532 - 27 = 5*m. What is the highest common divisor of m and a?
1
Suppose 23*h = 11*h + 7*h. Suppose 7*v - 63 - 21 = h. Calculate the greatest common divisor of 21 and v.
3
Let c = 179 + -152. Let u be (-18)/6*10/(-3). Let a = u + -7. What is the greatest common factor of c and a?
3
Let j(d) = 21*d + 990. Let r be j(-42). Let i = 4 - 0. Calculate the greatest common divisor of r and i.
4
Suppose -3*i + 2459 = 907*c - 911*c, -5*i + 5*c = -4105. What is the greatest common divisor of i and 165?
165
Suppose c = 3*x + 18, 0*x = 4*c - 3*x - 108. Let n be -4 + 1 - -6*10/4. What is the greatest common factor of c and n?
6
Suppose -12*k + 4 = -10*k. Suppose 0 = y - 2*p + 9, 3*p + k*p - 30 = -5*y. Suppose q + y = 12. What is the highest common divisor of 88 and q?
11
Let r = -2539 + 2542. What is the greatest common divisor of 2460 and r?
3
Let r be ((-4)/(-10) + -2)*105/(-2). Let b = r + -77. Calculate the greatest common divisor of 56 and b.
7
Let y = -20 - 34. Let j = y - -58. Let p(r) = 2*r**3 - 6*r**2 - 6*r + 6. Let c be p(j). Calculate the highest common factor of 140 and c.
14
Let u = 235 - 413. Let p = u + 235. What is the highest common factor of 171 and p?
57
Let u be (1 + -11)/(4/(-74)). Let s be (13 - 1) + (-20)/(-5). Suppose -s*h + 1768 - 584 = 0. Calculate the highest common factor of h and u.
37
Suppose 184 = 4*l + 4*q, -3*q = -l + 2*q + 58. Let p be (-114 + l)/(1/3 - 1). What is the highest common factor of p and 66?
33
Let b = 1706 + -926. What is the highest common divisor of 351 and b?
39
Let k be 3*(-7)/(105/(-25)). Suppose 4*w = 3*w - k*t - 32, 36 = -3*w - 3*t. Let f be (-1*2/(-6))/(w/(-1323)). Calculate the highest common factor of 7 and f.
7
Suppose -x = 3*n - 52, 2*n - 7 = -x + 44. What is the highest common divisor of x and 3675?
49
Suppose 5*b = -q - 640, 4*q + 2652 = 4*b + 116. Let c = 645 + q. Calculate the greatest common factor of 190 and c.
10
Suppose 4*v + 148 = 4*z, 2*z + 13*v - 86 = 11*v. Let w be -1 + 5 - (-1)/(-1). Let g be -394*(-4)/z - w/(-5). Calculate the greatest common factor of g and 20.
20
Let x = 115 - -191. Let u = x - 285. Calculate the greatest common divisor of 119 and u.
7
Let v(j) = j**3 - 28*j**2 - 7*j - 63. Let y be v(29). What is the greatest common factor of 299 and y?
23
Let t be (-5)/(10/(-1)) + 54/4. Let m = -426 - -454. What is the greatest common factor of m and t?
14
Let x be 1 + 5/((-10)/(-202)). Let c = x - 102. Suppose 3*f - 33 = -c*f. Calculate the highest common divisor of f and 22.
11
Let j = -13 - -5. Let i(m) = -8 - 16 - 7*m + 2*m. Let n be i(j). What is the greatest common factor of n and 1?
1
Suppose 5*m - 121 = -y, 5*m + 4*y + 92 = 9*m. Let q = m + -36. Let c be ((-3)/(-9) + -2)*180/q. What is the highest common divisor of c and 10?
5
Suppose 0 = 5*i + 25, 3*i + 5 = 8*u - 13*u. Let j(c) = 41*c**2 + 8*c - 18. Let s be j(u). Calculate the highest common divisor of s and 6.
6
Suppose -4*k = 3*f - 759, 44*f - 49*f = -5. What is the highest common factor of k and 21?
21
Let k(y) = -2*y. Let n be k(3). Let t be (-2)/n + (-345)/(-45). Let c = -38 + 54. Calculate the highest common factor of c and t.
8
Let f = -4029 + 5546. What is the greatest common factor of f and 629?
37
Suppose -2*h = -49*h + 127294 + 225770. Calculate the greatest common factor of h and 48.
24
Suppose 28 = 5*a + 4*h - 34, 4*h = -8. Calculate the greatest common factor of 1694 and a.
14
Let q be (2/(-6) - (-20 - -17))*3. Suppose -2*b + 444 = 388. What is the highest common divisor of q and b?
4
Suppose 188*l = 73*l + 230. Let z be -1*12/(-14)*7. Suppose -l*y = -v + 32, 2*v - y + 173 = z*v. What is the greatest common factor of 28 and v?
14
Let l be (-7)/(-2) - 27/18. What is the greatest common factor of l and 4742?
2
Suppose -2278 - 1670 = -28*i. Calculate the greatest common factor of 9 and i.
3
Let u be ((-110)/(-20) + -6)/((-1)/832). Let w be (-1)/((-1)/52*2). What is the greatest common divisor of w and u?
26
Suppose 4*n - 4*w - 1396 = 0, -4*n - 6*w + 3*w = -1361. Let i = -330 + n. What is the greatest common factor of 406 and i?
14
Suppose -406350 = 165*v - 192*v. What is the highest common factor of v and 350?
350
Let f(u) = 18*u - 60 + u + 4*u - 9*u. Let b be f(6). Calculate the greatest common factor of b and 60.
12
Suppose -2*i - 214 - 404 = 0. Let b = i - -323. Calculate the greatest common factor of b and 1470.
14
Let a(l) = -8*l - 4. Let c be a(-1). Let o be 2 + 188 - (-9)/((-18)/c). What is the greatest common factor of o and 47?
47
Suppose -13*h + 1313 = -0*h. Suppose 3*s - 167 + h = 0. What is the highest common factor of s and 286?
22
Let y be (-13 - (-55)/5)*-2*436. What is the greatest common factor of y and 80?
16
Let o(r) = -9*r**3 + 273*r**2 - 314*r - 18. Let x be o(29). What is the greatest common factor of x and 176?
88
Suppose 3 = 5*w - 2*w. Let h be -65*1/(-20)*16. Suppose 0 = -2*i + c + 21, c - h = -5*i + 4. What is the greatest common divisor of w and i?
1
Let x = -15 - -15. Let m(o) = -o + 16. Let j be m(x). Let b be (-5376)/(-140)*(-10)/(-3). What is the highest common divisor of b and j?
16
Let k = 41 - 21. Suppose k*x - 519 = 1. Calculate the greatest common divisor of 260 and x.
26
Suppose 6*a + 46 - 16 = 0. Let z be 408/30 + (-7)/a. What is the greatest common divisor of z and 405?
15
Let v(j) = j**2 + 10*j + 25. Let m be v(-10). Suppose 3*d - 23 = m. Calculate the greatest common divisor of 656 and d.
16
Let g = 66 - -190. Let w = 265 - g. Calculate the highest common divisor of 15 and w.
3
Suppose 0*m + 3*m - 146 = -5*h, -99 = -3*h + 2*m. Calculate the highest common factor of 2821 and h.
31
Let n = 3936 - 3736. Calculate the highest common divisor of n and 14200.
200
Suppose 3*h - 4*h = -3*l - 58, 5*l + 340 = 5*h. Let p be (h + 11)/(3 + (-21)/9). Calculate the highest common divisor of p and 90.
18
Suppose 5*h - 4*o = 1299, -262 = 3*h - 4*h + 3*o. Suppose -34*d + h = -32*d + k, 2*k = d - 127. What is the highest common factor of 43 and d?
43
Let v be (-673)/(7 + (-40)/5). Let x = v - 478. What is the greatest common factor of 30 and x?
15
Suppose 13*s = 2*s - 638. Let w be (s + (-3 - -1))/(-3 - -2). Suppose -2*t + t + 5*x + w = 0, -t - 2*x = -53. Calculate the greatest common divisor of t and 5.
5
Let l be ((-309)/(-12) + (89 - 71)/(6 - -2))*15. Let g be -18*(-8 - (-1 - 0)). Calculate the highest common factor of g and l.
42
Let u(i) = -i**2 - 21*i - 70. Let j be u(-7). Let m be 15 + j/(-4) - -192. Let l be ((-3)/3)/(2/(-50)). What is the greatest common divisor of m and l?
25
Let w = 1430 - 510. Suppose -w = 5*b - 9*b. Calculate the greatest common factor of b and 10.
10
Let i be 17/((264/60 - 5)*(-10)/6). What is the highest common divisor of i and 6137?
17
Let q(c) = 279*c**2 - 5*c - 6. Let h be q(-1). Suppose -2*w + h = 172. What is the highest common factor of 265 and w?
53
Suppose -2145 = -4*p - 3*i, 59*i - 57*i = -2*p + 1076. Calculate the highest common factor of p and 59.
59
Let k(h) = -18*h + 333. Let o be k(10). Calculate the highest common factor of o and 27.
9
Suppose -165*p = -164*p - 85. Let h be ((-8)/(-12))/(2/12). Suppose -h*f + 85 = f. What is the greatest common factor of f and p?
17
Suppose 0 = 4*b + 